6.
16
Let d(b) = -b - 3. Let q be d(-7). Let a = -860 + 863. Suppose 0 = -a*z + 4*z + s - 22, q*z + 3*s - 91 = 0. Calculate the highest common divisor of 175 and z.
25
Let k be (5420/(-60) + 11)*(0 - 54/21). Calculate the highest common divisor of 2499 and k.
51
Let i be ((-9)/18*25)/(7/(-98)). Calculate the greatest common factor of 2525 and i.
25
Suppose 0 = 2*v + 3*p - 245, 3*v - 150 - 207 = -p. Suppose -v = -3*n - 5*k + 60, -20 = 5*k. What is the greatest common divisor of n and 1518?
66
Suppose 0 = -3*n + 218 + 343. Let k = 262 - n. What is the highest common divisor of 30 and k?
15
Let f be 10/(-1)*1/(-2). Let d(q) = 118*q + 798. Let j be d(-7). Let g be (-9 - (-1 - 3))*j/f. Calculate the greatest common factor of g and 14.
14
Suppose 19 = 5*f - 6, f = 5*x + 105. Let t = 25 + x. Suppose -132 = -t*u + 93. What is the greatest common divisor of u and 18?
9
Let s = 608 + -605. Suppose -2*w + 211 = s*h, 3*w - 7*h = -2*h + 345. What is the highest common divisor of 40 and w?
10
Let p = 811 + -699. Calculate the highest common factor of p and 72.
8
Suppose -2*x = -7*x - 4*a - 104, 5*x + 5*a + 100 = 0. Let o(l) = -l**3 - 22*l**2 + 49*l + 25. Let c be o(x). What is the greatest common factor of c and 29?
1
Let b = -58270 + 83281. What is the greatest common divisor of 63 and b?
63
Let i be (222/60 - (-2)/4)*5. Calculate the highest common factor of i and 3.
3
Suppose 3*b = -2*f + 2, -2*f + b = 11 + 3. Let z(t) = -t**2 - 10*t - 1. Let a be z(f). Let i = 238 + -230. What is the greatest common divisor of i and a?
8
Suppose 860*b - 851*b = 2*s + 79, 5*b - 3*s = 42. Let r = 5 - 1. Suppose o + 7 = -4*v, -5*o - 3*v = -3*o + r. What is the greatest common factor of b and o?
1
Let l = -272 + 308. Let a be (-6)/4 + 1422/l. What is the highest common divisor of 95 and a?
19
Let k(z) = -9*z - 2. Let l be k(-3). Suppose l*o = 19*o + 168. What is the highest common factor of 44 and o?
4
Let q(o) = -22*o - 469. Let w be q(-55). Calculate the highest common divisor of 38 and w.
19
Let l = -20 - -46. Let y = 613 - 548. Calculate the greatest common factor of l and y.
13
Let u(g) = 172*g + 1. Let i be u(2). Let s = -674267 - -674297. What is the greatest common divisor of s and i?
15
Let n(f) be the third derivative of f**4/4 + f**3 + 2*f**2. Let d be (-52)/(-10) - 104/(-130). Let s be n(d). What is the greatest common divisor of s and 21?
21
Suppose -11*r = -342 + 1. Suppose 4140 = -x + r*x. What is the greatest common factor of x and 46?
46
Suppose 4*t = 5673 + 16415. Calculate the highest common factor of 88 and t.
22
Let d be (-9)/(270/(-2080))*6/8. Calculate the greatest common factor of 2 and d.
2
Let q(d) = 93*d + 267. Let p be q(17). Calculate the greatest common factor of p and 84.
84
Let t be 2*((-3476)/(-22) - 9/3). Suppose -5*j = -0*j - 50. What is the highest common divisor of j and t?
10
Let z be 4*(10 + 123/(-12)) + 23*2. Calculate the highest common divisor of z and 198.
9
Suppose 5*a - 532 = -5*c + a, 5*a + 193 = 2*c. Calculate the greatest common divisor of 4 and c.
4
Suppose w = 4*k - 4*w + 170, -2*k = -2*w + 84. Let v be ((-150)/k)/15 + 2702/8. What is the greatest common divisor of 26 and v?
26
Suppose 24*b - 26*b - 4*l + 70 = 0, -6*b - 4*l = -266. Calculate the highest common divisor of b and 6272.
49
Let d(a) = 4*a**2 + 64*a - 150. Let q be d(-22). Calculate the greatest common factor of q and 546.
42
Suppose 16*i = -176*i + 23808. What is the greatest common divisor of 3100 and i?
124
Suppose -3*g - 1982 = -4*z, 3*z - 719 = 5*g + 773. What is the greatest common factor of z and 806?
26
Suppose 5*y = h + 318, 358*y - 362*y + 4*h = -264. Suppose 2*n + 2 - 14 = 0. Suppose n*t = -t + y. What is the greatest common factor of 117 and t?
9
Let a be 324/(-12)*(-1 + 1/(-3)). Let b = 1756 + -1552. What is the highest common divisor of a and b?
12
Let j be (10/4)/(2/4). Let x(l) = -l**3 + 9*l**2 - 5*l - 4. Suppose 6*i - 14 = 34. Let d be x(i). What is the greatest common divisor of j and d?
5
Let b(x) = 54*x**2 + 2*x. Suppose -4*a - 3*i = -2*a - 7, -a + 5*i = 16. Let w be b(a). What is the highest common factor of w and 4?
4
Suppose 2*x = -3*x + 1155. Suppose 5*m + 1272 = 282. Let g be (m/15)/(3*(-2)/15). Calculate the greatest common divisor of x and g.
33
Let r(f) = -f + 26. Let z be r(-15). Let p = 53 - z. Let o be (4 + 8/p)*(-3)/(-1). What is the highest common factor of 126 and o?
14
Suppose x - 25*w - 39 = -24*w, -x - 2*w = -51. Calculate the greatest common divisor of 215 and x.
43
Let y(d) = -d**3 - 7*d**2 - 7*d - 5. Let f be y(-8). Let z be 44 + (0 - -4 - 8/4). Calculate the greatest common factor of z and f.
23
Let f be ((-250)/30 + 7)/(2/(-171)). Suppose 155 = 5*m - 2*y, 3*m - f = -0*m - 3*y. What is the greatest common divisor of 66 and m?
33
Suppose i = -i - 3*j + 105, -2*i + 5*j = -81. Let c(b) = 10*b + b**3 - 5*b**2 - 4 + 5*b - 7*b. Let q be c(5). What is the greatest common factor of q and i?
12
Let s = 352 + -105. Let n = -185 + s. What is the highest common divisor of n and 403?
31
Suppose 0*l - 3*l + 4*v = -833, -3*l + 821 = 2*v. Suppose -h = -81 - 114. Let d = l - h. What is the greatest common divisor of 48 and d?
16
Suppose -209*c - 18*c = -41*c - 2046. Calculate the greatest common divisor of c and 16.
1
Let r(p) = 369*p + 5. Let b be ((-3)/(-2))/((-33)/(-22)). Let a be r(b). Calculate the greatest common factor of a and 22.
22
Let w = -31897 - -31969. Calculate the greatest common factor of 408 and w.
24
Let v(p) = -12*p**2 + 353*p + 236. Let q be v(30). What is the highest common factor of 274 and q?
2
Let i(q) = -3*q**3 - 24*q**2 - 8*q - 28. Let d be i(-8). What is the highest common divisor of d and 600?
12
Let x(t) be the second derivative of t**4/6 + 2*t**3/3 + 5*t**2/2 + t. Let o be x(-2). Suppose o*h + 180 = 8*h. What is the highest common factor of h and 6?
6
Let k be -6133 - (-1)/3*-12. Let n be 3/(-27) - k/153. What is the greatest common factor of n and 32?
8
Let u be (322/(-70) - (3 + -8))*350. Calculate the highest common factor of u and 2170.
70
Let m be (-6)/33 + 11/((-605)/(-2320)). Let h be (-3)/18 - (-4)/(120/635). Calculate the greatest common factor of m and h.
21
Suppose 18 = 6*f - 12. Suppose 62 = f*x - 3*r, 2 - 30 = -2*x + 2*r. Calculate the highest common divisor of 10 and x.
10
Let j(w) = 13*w**3 - 18*w**3 - 3*w**2 + 8*w + 4*w**3 - 14. Let x be j(-7). What is the highest common divisor of 18 and x?
18
Let b(u) = -26*u - 8. Let q be b(-4). Let v = -15 + q. Let p = 65 + -11. What is the greatest common factor of p and v?
27
Let i(u) = u**3 + 48*u**2 + 199*u + 192. Let r be i(-37). What is the greatest common factor of r and 232?
232
Let h(d) = -d**3 - 11*d**2 - 13*d - 8. Let p be h(-10). Let s(c) = -p - 8*c - 18*c + 36*c. Let m be s(11). What is the highest common factor of m and 22?
22
Suppose 555 = -9*s + 6*s. Let q = -81 - s. Calculate the highest common factor of q and 39.
13
Suppose 27*g - 16 = 23*g. Suppose 5*s - 34 = -g*d - 0*s, -5*d = -3*s - 61. What is the greatest common factor of d and 88?
11
Let t = -198 - -1354. What is the greatest common divisor of 204 and t?
68
Let g(o) = -o**3 - 6*o**2 - 4*o + 7. Let d be g(-5). Suppose q + 33 = a - 49, d*a - 5*q = 170. What is the highest common divisor of a and 64?
16
Let s be 232/60 - 8/(-60). Suppose s*g = 6 + 2, 2*r = -2*g + 74. What is the greatest common factor of 40 and r?
5
Let j = -105 + 108. Suppose 0 = 3*b - j*l - 48, b + 5*l = 2*b - 12. Calculate the greatest common divisor of b and 136.
17
Let l = 101440 + -70422. Calculate the greatest common factor of l and 13.
13
Suppose 4*r + 3*y = 237, -r - 5*y + 54 = -35. Calculate the highest common divisor of r and 30420.
18
Let s = 655 + -653. Suppose -5*o + 5*z = -170, -z - 3*z = s*o - 98. What is the greatest common divisor of o and 26?
13
Let y = -28723 + 28781. Calculate the highest common factor of y and 19894.
58
Suppose 0 = f - 3*f - 10, 4*c = 2*f + 10. Suppose -3*p + 72 = -c*p. Suppose -m + 120 = -0*m. What is the highest common factor of m and p?
24
Let m be -3 + 3 + 1 + 7. Let s be -1*m - 2464/(-28). Calculate the highest common divisor of s and 5.
5
Let s be (2 + 0)/(2*1/3). Suppose -2*b - 2*j - 9 = s*b, -3*b - 11 = 4*j. Let r(w) = -20*w - 5. Let a be r(b). What is the greatest com